be u(21). Suppose -r*q = -8*q - 290. List the prime factors of q.
29
Suppose -2*p = 2*w - 12, 19*p - 22*p + 3 = 0. Suppose 0 = -d - w*d + 3330. List the prime factors of d.
3, 5, 37
List the prime factors of 5131 - 49*(-6)/(-42).
2, 3, 7, 61
Let n be ((-4)/(-6))/((-1)/(-3)). Let c be (-8 - (-360)/44) + (-570)/(-11). Suppose -n*f = -c - 32. List the prime factors of f.
2, 3, 7
Let z(v) = 5*v**3 + 15*v**2 - 11*v - 47. Let j(r) = -6*r**3 - 15*r**2 + 9*r + 47. Let t(d) = -2*j(d) - 3*z(d). What are the prime factors of t(-8)?
503
Suppose -4*z = -88*z + 36048 + 11160. List the prime factors of z.
2, 281
Let y be (-65)/(-26)*4/5. Suppose 2*g + y*g = f + 12, -3*g = -12. Suppose f*r = -20, 0 = -3*j + r + 2*r + 36. What are the prime factors of j?
7
Let t(b) = -2*b**2 - 97*b + 94. What are the prime factors of t(-32)?
2, 5, 23
Let l(q) = 85*q**3 + 15*q**2 + 9*q - 6. What are the prime factors of l(7)?
29947
Let c(k) = -8*k + 1. Let i be c(-8). Let t = 67 - i. Suppose 5*f = y - 13, 2*f + t*f - 16 = 0. List the prime factors of y.
3, 11
Suppose 0 = -34*p - 32*p + 2257332. What are the prime factors of p?
2, 7, 349
Suppose 190592 = t + 20*t - 138940. What are the prime factors of t?
2, 3923
Let m(z) = -z + 15. Suppose -18*q + 63 = -9*q. Let d be m(q). Suppose 3*g + 16 = 4*g - 5*r, -g + r + d = 0. What are the prime factors of g?
2, 3
Let o be (-7 + 8)/((-1)/(-21)). Let q be (-1 - -44) + (-15)/5. Let v = q - o. What are the prime factors of v?
19
Suppose -2*f + 3*u = u - 2730, -5462 = -4*f + 2*u. Suppose 5*b - 2*b + 2*t = 4113, b = t + f. List the prime factors of b.
37
Suppose 4*p + p = 15. Suppose -p*a + 79 = -560. List the prime factors of a.
3, 71
What are the prime factors of (-43131072)/(-1173) + 12/102?
2, 5, 3677
Let p = 39582 - -45714. What are the prime factors of p?
2, 3, 1777
Suppose 0 = 3*z - 915 - 237. Suppose -5*k + z = -1841. List the prime factors of k.
5, 89
Suppose -4*m + 78 = -242. Suppose -u + 44 = 2*o, -o - 38 = -3*u + m. Suppose 3*z - 199 = -u. What are the prime factors of z?
53
Suppose -15 = -5*i - 5*m, -3*m + 2 = 5. Suppose -3*l + 25 = -c + 5*c, 4*c - 28 = -i*l. Suppose 0 = -2*t + l + 233. List the prime factors of t.
2, 59
Let t(i) = -i**3 - 8*i**2 + 3*i - 12. Let n be t(-10). Suppose 4*v - 4*b = 530 + n, -5*b + 166 = v. Let q = 299 - v. What are the prime factors of q?
2
Suppose -a + 26 + 8 = 0. Suppose 0 = 26*i - 23*i - 111. Let h = i - a. What are the prime factors of h?
3
What are the prime factors of (-462)/49 + 9 + (-864288)/(-28)?
3, 10289
Suppose -48*c - 40*c + 0*c = -963072. What are the prime factors of c?
2, 3, 19
Let x = 191 - 189. Suppose 1388 = -x*o + 4*o. What are the prime factors of o?
2, 347
Let f = 48 + -48. Suppose 4*a - 5*d + 13 = f, -6*a = -4*a + 2*d + 20. Let q(h) = -17*h - 21. List the prime factors of q(a).
2, 7
Let m(r) = 6. Let f(o) = -7*o - 41. Let z(g) = -f(g) - 4*m(g). What are the prime factors of z(3)?
2, 19
Let x be 1*4 - 40/20. Let o(f) = -f**3 + 2*f**2 - 5*f + 5. Let d be o(x). Let j(h) = h**3 + 4*h**2 - 4*h + 17. List the prime factors of j(d).
2, 3
Let c = 14139 - -76176. What are the prime factors of c?
3, 5, 223
Let l = 11444 + -3835. List the prime factors of l.
7, 1087
Let i = 92 - 58. Let v = 19 - i. Let k = -10 - v. What are the prime factors of k?
5
Let d(g) = -g**3 - 40*g**2 - 389*g - 65. List the prime factors of d(-30).
5, 521
Let m(w) = -2*w + 38. Let x be m(18). Suppose x*i + 4 + 10 = 2*f, -i = 4*f - 18. What are the prime factors of (i/3)/(0 - 10/2865)?
191
Suppose -2*m + 10116 = 2*h, 53*m - 15180 = 50*m - 5*h. What are the prime factors of m?
3, 5, 337
Let g(z) = 2696*z - 30. List the prime factors of g(1).
2, 31, 43
Let d = -143 - -58. Let q = 107 + d. List the prime factors of q.
2, 11
Suppose 3*q = 3*r + 10 - 1, 3*r - 23 = -5*q. Let o be (r + -1)*14/(-14). Suppose o = -4*h + m + 848, 5*h - 4*m = -417 + 1466. List the prime factors of h.
3, 71
Let j(s) = -s + 37. Let f be j(23). Suppose -f*v = -12*v - 268. What are the prime factors of v?
2, 67
Let b be -49*(2 + -8) - (-3 + 1). Let l = b + -188. Suppose -c + l = -5*p, -245 - 165 = -5*c - p. What are the prime factors of c?
83
Let m(h) = -h**2 + 4*h + 17. Let y be m(-4). List the prime factors of (-9)/y + 1448/20 + 4.
7, 11
What are the prime factors of 5*-1*1 - 12434/(-10)*5?
2, 1553
Let m(f) = -6*f**2 + 37*f - 8. Suppose 6 = 2*o - o. Let j be m(o). List the prime factors of (-1)/j*(155 + -7).
2, 37
Let l(a) = 2*a**3 - 16*a**2 + 3*a - 4. Let m be l(12). Let p = 1707 - m. List the prime factors of p.
523
Let o = 26 + -26. Suppose 2*r = o, 5*z + r + 135 = -2*r. What are the prime factors of (-308)/(-6) + (-18)/z?
2, 13
Let n be 6/(-39) - (-2)/26*6294. Let l = n - 334. List the prime factors of l.
2, 3, 5
Let g(x) = -12*x + 648. Let d = -151 - -151. What are the prime factors of g(d)?
2, 3
Suppose -89*i = -42*i - 81122. List the prime factors of i.
2, 863
Let b(y) = y**3 + 7*y**2 - 3*y + 1. Let f be b(-6). Let o = 93 - f. Suppose 34*v + 392 = o*v. List the prime factors of v.
2, 7
Suppose -60*k + 58*k + 870 = 0. Let t = k + -194. Suppose 7*o = t + 424. What are the prime factors of o?
5, 19
Suppose -c - 3*g = -12, c - 5*c + 3*g = -3. Let n = 397 - 394. Suppose 4*x = c*t - 58, -n*t + 2*x = -t - 40. List the prime factors of t.
2, 11
Suppose -2*h + m = 99, 2*h + 240 = -3*h - 5*m. List the prime factors of 202 + -1 + 0 - (h - -50).
2, 5
Suppose 3*m + 4*j = 401, 5*m + 4*j = -0*j + 671. Suppose m = 5*a - 8*a. Let w = -23 - a. List the prime factors of w.
2, 11
Let u(p) = p**2 - 15*p + 36. Let c be u(12). Suppose -515*w + 522*w - 1736 = c. What are the prime factors of w?
2, 31
List the prime factors of 342*(3 - (-270)/12).
3, 17, 19
Suppose 0 = 13*i + 1947 + 7387. Let g = 1369 + i. List the prime factors of g.
3, 7, 31
Let c(b) = 4*b**3 - 5*b**2 + 6*b + 9. List the prime factors of c(7).
2, 19, 31
Let t(d) = -3*d**3 - d**2 + 10*d - 21. Let c be t(-6). Suppose 346*j = 337*j + c. List the prime factors of j.
59
Let u be 9/(-3) - (-1 + 0). What are the prime factors of -3*3*772/24*u?
3, 193
Let t be 5/1 + (-20)/4. Suppose t = -v + 643 + 68. What are the prime factors of v?
3, 79
Suppose -b + 80 = 4*r + 3*b, -10 = -2*r + 4*b. Let i be r*(-3)/(-9) - 3. Suppose -4*w = -i*w + v - 142, -4*v + 64 = w. List the prime factors of w.
2, 3
Suppose 2*o - 2 = 3*g, 2*o + 2 = -2*g + 7*g. Let t = 15 + -13. Suppose -o*f = t*j - 44, -4*j - f = f - 76. What are the prime factors of j?
2, 3
Suppose 3690 = -23*v + 22688. Suppose v + 389 = 5*w. What are the prime factors of w?
3
Let k = -25 + -120. Let g = k + 470. Suppose y = 2*z - g, z + y - 74 = 81. List the prime factors of z.
2, 5
Suppose 181*x = 117*x + 2164928. List the prime factors of x.
33827
Let y = 28561 + -14513. What are the prime factors of y?
2, 439
Let v(t) = -46*t - 16. Let g = 9 + -12. Let h be v(g). Suppose 0 = 13*b - 15*b + h. List the prime factors of b.
61
Suppose 3*w + 4*k - 1818 - 570 = 0, 2*w + 5*k = 1599. Suppose s + 34 + w = 5*m, 4*s + 334 = 2*m. Let i = -9 + m. List the prime factors of i.
2, 3, 13
Let u be 21234/(-12)*-2 - 1*-5. Suppose -193*z - u = -197*z. List the prime factors of z.
2, 443
Let f(h) = 16*h + 17. Let q(b) = -b**2 - 7*b + 14. Let n = 21 + -29. Let d be q(n). List the prime factors of f(d).
113
Suppose -112 = -i - 55. What are the prime factors of i/(552/352 + 3/(-2))?
2, 11, 19
Suppose 0 = -660*p + 875*p - 8488200. List the prime factors of p.
2, 3, 5, 7, 47
Suppose 6*s = 3*s + 39. Suppose -9*f + s*f - 8 = 0. What are the prime factors of f*(-52)/8*-1?
13
Let d(i) = 6*i**2 - 6*i - 1523. What are the prime factors of d(108)?
17, 3989
Let n(k) = 5*k**3 - k**2 - 10*k + 38. Let c be n(4). Let g = c - 113. List the prime factors of g.
3, 7
Suppose 197488 = 4*s + 6*v + 14*v - 24*v, -4*v = 0. List the prime factors of s.
2, 12343
Let w = -518 + 617. What are the prime factors of ((-3)/(-1))/(11/w)?
3
Suppose -124 = -l + 71. Let z = l - 172. List the prime factors of z.
23
Let j(p) = -5*p + 80. Let g be j(20). Let v = g - -222. What are the prime factors of v?
2, 101
List the prime factors of -4*9/(-324) - (543264/(-27) - -5).
2, 47, 107
Suppose -125*n + 956529 = -74*n + 96*n. List the prime factors of n.
3, 241
Let k be -16 - (49/14 - (-1)/(-2)). Let n = k + 19. Supp